 = 3*q**2 + 3*q. Let o be t(5). Calculate the highest common divisor of b and o.
10
Let p(k) = -9*k. Let v be p(-1). What is the highest common factor of 3 and v?
3
Let i be ((-108)/(-3))/4 + 1. What is the highest common divisor of 40 and i?
10
Let v be 7*(0 + 2 + -1). Suppose 4*o + j = 16 + 36, 68 = 5*o + 2*j. Suppose -2*r + o + 114 = 0. What is the greatest common divisor of v and r?
7
Let g(p) = p**3 - 8*p**2 + 10*p - 5. Let o be g(7). Calculate the highest common divisor of o and 64.
16
Let m = -43 + 67. Let q(x) = -x**3 + 7*x**2 + x - 6. Let w be q(6). Calculate the greatest common divisor of m and w.
12
Let o = 332 - 206. Suppose -80 = -5*i - 5*f, -3*i + 16 = -5*f - 16. Calculate the highest common divisor of o and i.
14
Suppose -91 = -u - 37. What is the highest common divisor of u and 6?
6
Suppose -5*z = -169 + 44. What is the highest common divisor of 10 and z?
5
Suppose 2*s = 189 + 151. Let w = -107 + s. What is the highest common factor of w and 42?
21
Suppose 0 = -8*p + 108 + 12. Calculate the highest common divisor of p and 6.
3
Let p be -3 + 2 - (-1 + -2). Let v(k) = 3*k + 6*k**p + 0*k - 1 - 5*k**2. Let u be v(-5). Calculate the highest common divisor of 3 and u.
3
Let l(y) = 4*y - 77. Let m be l(22). Calculate the highest common factor of m and 55.
11
Suppose -k = -3*k. Suppose k = -8*a + 5*a + 345. What is the greatest common factor of a and 23?
23
Suppose -z + 4*z + 2*t - 10 = 0, 3*z + t - 8 = 0. What is the greatest common factor of z and 7?
1
Suppose 4*b = 2*b + 30. Calculate the highest common factor of b and 10.
5
Let c(d) = d**2 + 2*d - 1. Let l be c(-5). Suppose -l = -3*p + 13. Calculate the greatest common divisor of p and 6.
3
Let p = 20 - 14. What is the greatest common divisor of 12 and p?
6
Let n be (-8)/(-2) - (-10)/5. Suppose 4*t + 5 = -3*o - 4, -2*o = -t - 5. Calculate the highest common divisor of o and n.
1
Let u be (-12)/8 + 22/4. What is the highest common factor of u and 16?
4
Let i be ((-3)/(-2) + -1)*4. Suppose 0*h = -2*l + 4*h + 74, -3*l + 95 = i*h. Suppose 2*w = 2 + 20. What is the highest common factor of l and w?
11
Let t = 34 + -90. Let x = -21 - t. Calculate the highest common factor of 5 and x.
5
Suppose 2 = -2*v, 4*c - 121 = v - 0. Let a be (-4)/(-18) - (-25)/9. Calculate the highest common factor of a and c.
3
Suppose g - 29 = 4. What is the highest common divisor of g and 3?
3
Let w be (1 - -2) + (-2 - -5). Suppose 3*z + 105 = w*z. Calculate the highest common factor of z and 7.
7
Suppose -322 = -3*z - 277. What is the highest common divisor of z and 12?
3
Let z(h) = 8*h - 9. Let c be z(3). Let b be 0*((-6)/4 - -1). Let y = c + b. What is the highest common divisor of y and 10?
5
Suppose 0*r + 3*r + 9 = 0. Let t be (-3 - r)*-1 + 4. Suppose -5 - 5 = -t*v + 3*z, 3*v - 4 = 4*z. Calculate the greatest common factor of v and 32.
4
Let g be (-1)/3 + (-5)/(-15). Suppose g = -3*r - 6, 2*y + 7*r - 3*r = -10. Let a be -1 - (y - 10*1). Calculate the highest common divisor of 2 and a.
2
Let m be (-3 - -6)/(2 - 1). Suppose 0 = -m*c + 5*c + 16. Let a(p) = -p + 1. Let w be a(c). What is the highest common divisor of w and 3?
3
Suppose j - 18 = -4*t, 2*j = -2*j + 2*t + 18. What is the highest common divisor of j and 24?
6
Suppose -3 = 3*h - 18. Let w be (-2 - -1) + 0 - -1. Suppose -5*n + w*a = 4*a - 71, -2*n = -3*a - 33. Calculate the greatest common factor of n and h.
5
Let x be ((-10)/4)/(1/18). Let k = -17 - x. Let r = 23 + -16. Calculate the highest common factor of k and r.
7
Let l(m) = -6*m + 4. Let z be l(-6). Suppose 0 = 3*x + x - z. Calculate the greatest common factor of 40 and x.
10
Let b(r) be the third derivative of 13*r**6/40 + r**5/60 - r**3/6 - 7*r**2. Let c be b(1). What is the highest common divisor of c and 13?
13
Let w be 3468/54 - 4/18. What is the highest common factor of 32 and w?
32
Let v = 723 - 390. Let a = 162 + -387. Let q = v + a. What is the highest common divisor of 12 and q?
12
Let n = 0 - -6. What is the highest common divisor of 9 and n?
3
Let q be 6/27 - 100/(-36). Suppose 0 = -q*k + 4*v + 89, 3*k + 3*v + 128 = 7*k. Suppose 5*l = l + 56. Calculate the highest common factor of k and l.
7
Let m be 2 + -5 + 0 - -18. What is the highest common divisor of 3 and m?
3
Let n(a) = -a. Suppose -3*j + 9 = -4*k, 0*j = 2*k - j + 7. Let h be n(k). Suppose 0 = 3*g - 36 + h. What is the highest common divisor of g and 30?
10
Let r = 59 + -51. What is the highest common factor of r and 128?
8
Let g(w) = w**2 + 6*w - 12. Let k be g(-9). Calculate the highest common divisor of k and 45.
15
Suppose -2*x - 8 = -0*q + 4*q, -x + 4*q = -14. What is the greatest common divisor of x and 10?
2
Suppose -3*z = -3*g + 49 - 4, 0 = -3*g - z + 33. Suppose 0 = -0*f - 4*f - g. Let y be (2/4)/(f/(-312)). What is the greatest common factor of y and 13?
13
Suppose 17 = 3*g - 2*q - 153, -g + 75 = 3*q. What is the highest common factor of 6 and g?
6
Let k be (-4)/2 - -10*2. Let n be (-18)/(-8)*2*6. What is the greatest common divisor of n and k?
9
Let v(s) = s**2 - 10*s + 9. Let q be v(9). Suppose -2*d + q*d + 22 = 0. What is the greatest common factor of d and 22?
11
Let n(d) = -d**3 - 6*d**2 + 7*d + 7. Let f be n(-7). Let v(s) = -3*s - 2. Let i be v(-2). Let b = f - i. Calculate the greatest common divisor of b and 33.
3
Suppose 0 = j - 2*g - 30 - 4, -j + 3*g + 31 = 0. What is the greatest common divisor of j and 20?
20
Suppose p + 22 = 5*c, 4*p + 0*p - 27 = -3*c. Suppose -4*m - f = 2 - 12, 0 = -5*m - 5*f + c. Suppose -t + m*t = 6. What is the highest common factor of t and 15?
3
Suppose -f + 6*f - 5 = 0. Calculate the greatest common factor of f and 2.
1
Suppose 0 = 2*i + 2*t - 8, -2*i = t + 3 - 7. Suppose i = -2*a + a + 10. Calculate the greatest common factor of 2 and a.
2
Suppose 2*b = l - 5, 9*b + 36 = 3*l + 10*b. Suppose -3*i - 4*x = -15, -20 + 6 = -2*i - 4*x. What is the greatest common factor of l and i?
1
Let t = 94 - 87. What is the greatest common factor of 77 and t?
7
Let y = 108 + -58. Let l be 30/5*y/4. Let q be 1/(-1 - 31/(-30)). What is the greatest common divisor of q and l?
15
Let j be (-4)/6 + 372/18. What is the greatest common factor of 4 and j?
4
Suppose 0 = 3*z - 9. Let f(j) = -8 + 1 + 0 + z*j. Let n be f(5). What is the greatest common divisor of 1 and n?
1
Let a(t) = 4*t - 8. Let m be a(4). Calculate the greatest common divisor of m and 72.
8
Let f be 2624/144 + 2/(-9). What is the highest common divisor of 3 and f?
3
Suppose 6 + 2 = -2*j. Let q(k) = 5*k**2 - 3 - 3*k + 2 - 3 + 0*k. Let a be q(j). What is the greatest common factor of 11 and a?
11
Suppose 0*f - 4*f + 2728 = 4*l, -2*l + 4*f + 1358 = 0. Suppose -l = -4*z - 2*o + o, 2*z = -3*o + 333. What is the greatest common divisor of z and 19?
19
Suppose 5*j - 3 = 4*c - 2, -3*j + 39 = 4*c. Suppose -2 = 2*r - c. What is the highest common factor of 5 and r?
1
Let c(x) = -x**2 - 22*x + 27. Let y be c(-21). What is the highest common divisor of 12 and y?
12
Suppose -7 = -2*n + 3*w, 4*n + w - 21 = -0. Suppose 0 = 5*t - 0 - 25. What is the highest common divisor of n and t?
5
Let t = 22 - 6. Calculate the greatest common divisor of t and 8.
8
Let q = -33 - -41. Let m(i) = -i**3 - 12*i**2 - 16*i - 15. Let c be m(-11). What is the highest common divisor of c and q?
8
Suppose -195 = -5*p + 95. Let k = p + -41. What is the greatest common factor of 51 and k?
17
Suppose 0 = 4*m - 0*v + 4*v - 160, 0 = -4*v - 16. Calculate the highest common divisor of 11 and m.
11
Let v = 0 - 0. Let d be ((-1)/(-2))/((-1)/(-48)). Suppose -2*j + 38 = -5*g, v = -4*j - 2*g + 100 - d. What is the highest common factor of 209 and j?
19
Suppose 0*t + t = 0. Suppose 5*b + t*b = 20. Suppose 0 = b*j - 603 - 81. Calculate the greatest common factor of 19 and j.
19
Let x be ((-30)/2)/((-3)/4). Let s be 2/(-1) + 4 + -3. Let g = 7 - s. Calculate the greatest common factor of g and x.
4
Let d(r) = 2*r - 15. Let f(k) = k - 8. Let s(q) = 6*d(q) - 11*f(q). Let n be s(6). What is the highest common divisor of n and 40?
4
Let j(c) be the second derivative of -1/12*c**4 + 0 + 3/2*c**3 + c - 7/2*c**2. Let n be j(6). Calculate the greatest common divisor of n and 121.
11
Let y(i) = 0 - i**2 + 7*i - 6 - 19*i. Suppose -3*f - 4*b - 4 = 10, 0 = 2*f - b + 13. Let q be y(f). Calculate the